{"id":864,"date":"2022-02-07T00:51:35","date_gmt":"2022-02-07T06:51:35","guid":{"rendered":"https:\/\/gfix.mx\/?page_id=864"},"modified":"2022-02-07T00:51:35","modified_gmt":"2022-02-07T06:51:35","slug":"duplicated-home-16","status":"publish","type":"page","link":"https:\/\/www.gfix.mx\/index.php\/duplicated-home-16\/","title":{"rendered":"Duplicated: Home NO &#8211; [#16]"},"content":{"rendered":"<p>*<br \/>\nIT Solutions<br \/>\nTu equipo en manos de ingenieros<\/p>\n<p>Nuestro Servicio Profesional de TI maneja reparaci\u00f3n, armado y venta de piezas de c\u00f3mputo.<\/p>\n<p><a href=\"#contacto\" role=\"button\"><br \/>\nHaz tu cotizaci\u00f3n<br \/>\n<\/a><br \/>\n<img loading=\"lazy\" decoding=\"async\" width=\"1950\" height=\"1300\" src=\"https:\/\/gfix.mx\/wp-content\/uploads\/2021\/12\/master-using-small-soldering.jpg\" alt=\"\" loading=\"lazy\" srcset=\"https:\/\/gfix.mx\/wp-content\/uploads\/2021\/12\/master-using-small-soldering.jpg 1950w, https:\/\/gfix.mx\/wp-content\/uploads\/2021\/12\/master-using-small-soldering-300x200.jpg 300w, https:\/\/gfix.mx\/wp-content\/uploads\/2021\/12\/master-using-small-soldering-1024x683.jpg 1024w, https:\/\/gfix.mx\/wp-content\/uploads\/2021\/12\/master-using-small-soldering-768x512.jpg 768w, https:\/\/gfix.mx\/wp-content\/uploads\/2021\/12\/master-using-small-soldering-1536x1024.jpg 1536w\" sizes=\"auto, (max-width: 1950px) 100vw, 1950px\"><br \/>\n<img loading=\"lazy\" decoding=\"async\" width=\"800\" height=\"492\" src=\"https:\/\/gfix.mx\/wp-content\/uploads\/2021\/12\/Tarjeta-madre-asus.png\" alt=\"\" loading=\"lazy\" srcset=\"https:\/\/gfix.mx\/wp-content\/uploads\/2021\/12\/Tarjeta-madre-asus.png 1000w, https:\/\/gfix.mx\/wp-content\/uploads\/2021\/12\/Tarjeta-madre-asus-300x185.png 300w, https:\/\/gfix.mx\/wp-content\/uploads\/2021\/12\/Tarjeta-madre-asus-768x472.png 768w\" sizes=\"auto, (max-width: 800px) 100vw, 800px\"><br \/>\n<img loading=\"lazy\" decoding=\"async\" width=\"800\" height=\"800\" src=\"https:\/\/gfix.mx\/wp-content\/uploads\/2021\/12\/Kraken-Br-929608-copia.png\" alt=\"\" loading=\"lazy\" srcset=\"https:\/\/gfix.mx\/wp-content\/uploads\/2021\/12\/Kraken-Br-929608-copia.png 1000w, https:\/\/gfix.mx\/wp-content\/uploads\/2021\/12\/Kraken-Br-929608-copia-300x300.png 300w, https:\/\/gfix.mx\/wp-content\/uploads\/2021\/12\/Kraken-Br-929608-copia-150x150.png 150w, https:\/\/gfix.mx\/wp-content\/uploads\/2021\/12\/Kraken-Br-929608-copia-768x768.png 768w\" sizes=\"auto, (max-width: 800px) 100vw, 800px\"><br \/>\n<img loading=\"lazy\" decoding=\"async\" width=\"800\" height=\"800\" src=\"https:\/\/gfix.mx\/wp-content\/uploads\/2021\/12\/Ryzen-9-3gen.png\" alt=\"\" loading=\"lazy\" srcset=\"https:\/\/gfix.mx\/wp-content\/uploads\/2021\/12\/Ryzen-9-3gen.png 1000w, https:\/\/gfix.mx\/wp-content\/uploads\/2021\/12\/Ryzen-9-3gen-300x300.png 300w, https:\/\/gfix.mx\/wp-content\/uploads\/2021\/12\/Ryzen-9-3gen-150x150.png 150w, https:\/\/gfix.mx\/wp-content\/uploads\/2021\/12\/Ryzen-9-3gen-768x768.png 768w\" sizes=\"auto, (max-width: 800px) 100vw, 800px\"><br \/>\n01.<br \/>\nIT Solutions<\/p>\n<h2>Equipos de alto desempe\u00f1o<\/h2>\n<p><strong>G\u2022FIX<\/strong> ofrece equipos de computo de gama media y alta con las que podr\u00e1s enfrentarte a cualquier reto, desde ingenier\u00eda, dise\u00f1o, gamer, etc. Te daremos una propuesta o escoge los programas y tareas que har\u00e1s para entregarte un presupuesto equilibrado entre precio y desempe\u00f1o.<\/p>\n<p>Completa tu equipo con los mejores perif\u00e9ricos: mouse, teclados mec\u00e1nicos, y monitores que dar\u00e1n el toque ideal para trabajar todos tus proyectos. Computadoras de alto rendimiento ensambladas con los mejores procesadores.<\/p>\n<p><img loading=\"lazy\" decoding=\"async\" width=\"800\" height=\"800\" src=\"https:\/\/gfix.mx\/wp-content\/uploads\/2021\/12\/Kraken-Br-929608-copia.png\" alt=\"\" loading=\"lazy\" srcset=\"https:\/\/gfix.mx\/wp-content\/uploads\/2021\/12\/Kraken-Br-929608-copia.png 1000w, https:\/\/gfix.mx\/wp-content\/uploads\/2021\/12\/Kraken-Br-929608-copia-300x300.png 300w, https:\/\/gfix.mx\/wp-content\/uploads\/2021\/12\/Kraken-Br-929608-copia-150x150.png 150w, https:\/\/gfix.mx\/wp-content\/uploads\/2021\/12\/Kraken-Br-929608-copia-768x768.png 768w\" sizes=\"auto, (max-width: 800px) 100vw, 800px\"><br \/>\n<img loading=\"lazy\" decoding=\"async\" width=\"800\" height=\"429\" src=\"https:\/\/gfix.mx\/wp-content\/uploads\/2022\/01\/componentes-1024x549.webp\" alt=\"\" loading=\"lazy\" srcset=\"https:\/\/gfix.mx\/wp-content\/uploads\/2022\/01\/componentes-1024x549.webp 1024w, https:\/\/gfix.mx\/wp-content\/uploads\/2022\/01\/componentes-300x161.webp 300w, https:\/\/gfix.mx\/wp-content\/uploads\/2022\/01\/componentes-768x412.webp 768w, https:\/\/gfix.mx\/wp-content\/uploads\/2022\/01\/componentes.webp 1100w\" sizes=\"auto, (max-width: 800px) 100vw, 800px\"><br \/>\n<img loading=\"lazy\" decoding=\"async\" width=\"800\" height=\"429\" src=\"https:\/\/gfix.mx\/wp-content\/uploads\/2022\/01\/componentes-1024x549.webp\" alt=\"\" loading=\"lazy\" srcset=\"https:\/\/gfix.mx\/wp-content\/uploads\/2022\/01\/componentes-1024x549.webp 1024w, https:\/\/gfix.mx\/wp-content\/uploads\/2022\/01\/componentes-300x161.webp 300w, https:\/\/gfix.mx\/wp-content\/uploads\/2022\/01\/componentes-768x412.webp 768w, https:\/\/gfix.mx\/wp-content\/uploads\/2022\/01\/componentes.webp 1100w\" sizes=\"auto, (max-width: 800px) 100vw, 800px\"><br \/>\n01.<br \/>\nIT Solutions<\/p>\n<h2>Equipos de alto desempe\u00f1o<\/h2>\n<p><strong>G\u2022FIX<\/strong> ofrece equipos de c\u00f3mputo de gama media y alta con las que podr\u00e1s enfrentarte a cualquier reto. Para ingenier\u00eda, dise\u00f1o o gaming. \u00a1T\u00fa eliges!<\/p>\n<p>Te daremos una propuesta o escoge los programas y tareas que har\u00e1s para entregarte un presupuesto equilibrado entre precio y desempe\u00f1o.<\/p>\n<p>\u00a1Incluso! Podr\u00e1s completar tu equipo con los mejores perif\u00e9ricos: rat\u00f3n, teclados mec\u00e1nicos, y monitores que dar\u00e1n el toque ideal para trabajar todos tus proyectos. Computadoras de alto rendimiento ensambladas con los mejores procesadores.<\/p>\n<p><img loading=\"lazy\" decoding=\"async\" width=\"800\" height=\"800\" src=\"https:\/\/gfix.mx\/wp-content\/uploads\/2021\/12\/Kraken-Br-929608-copia.png\" alt=\"\" loading=\"lazy\" srcset=\"https:\/\/gfix.mx\/wp-content\/uploads\/2021\/12\/Kraken-Br-929608-copia.png 1000w, https:\/\/gfix.mx\/wp-content\/uploads\/2021\/12\/Kraken-Br-929608-copia-300x300.png 300w, https:\/\/gfix.mx\/wp-content\/uploads\/2021\/12\/Kraken-Br-929608-copia-150x150.png 150w, https:\/\/gfix.mx\/wp-content\/uploads\/2021\/12\/Kraken-Br-929608-copia-768x768.png 768w\" sizes=\"auto, (max-width: 800px) 100vw, 800px\"><\/p>\n<h5>\n\t\t\t\t\t\u00a1Agenda una llamada!<\/h5>\n<p>02.<br \/>\nIT Solutions<\/p>\n<h2>Nosotros<\/h2>\n<p>Ampliamos nuestra oferta a vender equipos de computadora de alto desempe\u00f1o. Queremos que nuestros clientes tengan la confianza que su equipo podr\u00e1 con las tareas que tengan, ya sea gaming, dise\u00f1o, programaci\u00f3n, fotograf\u00eda, dibujo asistido, simulaci\u00f3n, renderizado, modelado 3D, etc.<\/p>\n<p>Nos apasiona la tecnolog\u00eda y las computadoras de alto desempe\u00f1o. Nos motiva armar computadoras y workstations que se ajusten a las necesidades de nuestros clientes.<\/p>\n<p><img loading=\"lazy\" decoding=\"async\" width=\"800\" height=\"492\" src=\"https:\/\/gfix.mx\/wp-content\/uploads\/2021\/12\/laptop-dell-Inspiron-1024x630.png\" alt=\"\" loading=\"lazy\" srcset=\"https:\/\/gfix.mx\/wp-content\/uploads\/2021\/12\/laptop-dell-Inspiron-1024x630.png 1024w, https:\/\/gfix.mx\/wp-content\/uploads\/2021\/12\/laptop-dell-Inspiron-300x185.png 300w, https:\/\/gfix.mx\/wp-content\/uploads\/2021\/12\/laptop-dell-Inspiron-768x472.png 768w, https:\/\/gfix.mx\/wp-content\/uploads\/2021\/12\/laptop-dell-Inspiron-1536x945.png 1536w, https:\/\/gfix.mx\/wp-content\/uploads\/2021\/12\/laptop-dell-Inspiron.png 2000w\" sizes=\"auto, (max-width: 800px) 100vw, 800px\"><br \/>\n<img loading=\"lazy\" decoding=\"async\" width=\"800\" height=\"492\" src=\"https:\/\/gfix.mx\/wp-content\/uploads\/2021\/12\/laptop-dell-Inspiron-1024x630.png\" alt=\"\" loading=\"lazy\" srcset=\"https:\/\/gfix.mx\/wp-content\/uploads\/2021\/12\/laptop-dell-Inspiron-1024x630.png 1024w, https:\/\/gfix.mx\/wp-content\/uploads\/2021\/12\/laptop-dell-Inspiron-300x185.png 300w, https:\/\/gfix.mx\/wp-content\/uploads\/2021\/12\/laptop-dell-Inspiron-768x472.png 768w, https:\/\/gfix.mx\/wp-content\/uploads\/2021\/12\/laptop-dell-Inspiron-1536x945.png 1536w, https:\/\/gfix.mx\/wp-content\/uploads\/2021\/12\/laptop-dell-Inspiron.png 2000w\" sizes=\"auto, (max-width: 800px) 100vw, 800px\"><br \/>\n03.<br \/>\nIT Solutions<\/p>\n<h2>Principios<\/h2>\n<h6>\n\t\t\t\t\t\tMisi\u00f3n<\/h6>\n<p>En G\u2022FIX tenemos el compromiso de aportar al bienestar general de nuestros clientes, atendiendo responsablemente con \u00e9tica y profesionalidad con cada una de nuestras \u00e1reas de tecnolog\u00edas de la informaci\u00f3n (TI).<\/p>\n<h6>\n\t\t\t\t\t\tVisi\u00f3n<\/h6>\n<p>Ser una empresa responsable, l\u00edder y diversa en atenci\u00f3n tecnol\u00f3gica.<\/p>\n<h6>\n\t\t\t\t\t\tValores<\/h6>\n<p>Bienestar, Compromiso, \u00c9tica, Respeto, Responsabilidad, Solidaridad<\/p>\n<p>04.<br \/>\nIT Solutions<\/p>\n<h2>Soluciones<\/h2>\n<h4>Servicios<\/h4>\n<h6>\n\t\t\t\t\t\tServicio a Infraestructura:<\/h6>\n<p>Instalaci\u00f3n y configuraci\u00f3n de Redes (intranet, router, switch, mesh, modem, puntos de acceso) y Voz (conmutador, telefon\u00eda VoIP).<\/p>\n<h6>\n\t\t\t\t\t\tComputo<\/h6>\n<p>Servicio de reparaci\u00f3n y mantenimiento a equipo de c\u00f3mputo de hogar y oficina<\/p>\n<h6>\n\t\t\t\t\t\tMantenimiento preventivo<\/h6>\n<p>Diagnosticamos y minimizamos el riesgo de fallas en su PCs antes de perder toda informaci\u00f3n y\/o en el momento que m\u00e1s lo necesitas.<\/p>\n<h6>\n\t\t\t\t\t\tMantenimiento correctivo<\/h6>\n<p>Reparamos su PC cuando dejo de funcionar.<\/p>\n<h6>\n\t\t\t\t\t\tActualizaci\u00f3n e incremento de capacidad<\/h6>\n<p>Ofrecemos diversas opciones para aumentar la potencia y capacidad de su PC.<\/p>\n<p><img loading=\"lazy\" decoding=\"async\" width=\"738\" height=\"900\" src=\"https:\/\/gfix.mx\/wp-content\/uploads\/2021\/12\/Gabinete.png\" alt=\"\" loading=\"lazy\" srcset=\"https:\/\/gfix.mx\/wp-content\/uploads\/2021\/12\/Gabinete.png 738w, https:\/\/gfix.mx\/wp-content\/uploads\/2021\/12\/Gabinete-246x300.png 246w\" sizes=\"auto, (max-width: 738px) 100vw, 738px\"><\/p>\n<h4>Venta<\/h4>\n<h6>\n\t\t\t\t\t\tVenta de Equipos de C\u00f3mputo<\/h6>\n<p>Amplio surtido en Computadoras, Laptop, Computadoras Gamer, Impresoras y m\u00e1s.<\/p>\n<h6>\n\t\t\t\t\t\tVenta e instalaci\u00f3n de Software<\/h6>\n<p>Windows 10, Windows 11, Office 2019, Office 2016, variedad de Antivirus, etc.<br \/>\n\u00a1100% Licencias legales!<\/p>\n<h6>\n\t\t\t\t\t\tVenta e instalaci\u00f3n de Hardware<\/h6>\n<p>Tarjetas de video, Tarjetas madre, Procesadores, RAM, Discos duro y de estado s\u00f3lido, y \u00a1m\u00e1s!<\/p>\n<h6>\n\t\t\t\t\t\tAccesorios y consumibles<\/h6>\n<p>T\u00f3ner, cartuchos, rat\u00f3n, teclados, aud\u00edfonos, smartwatch o relojes inteligentes, etc.<\/p>\n<h6>\n\t\t\t\t\t\tCelulares<\/h6>\n<p>Variedad de celulares prepago, desbloqueados.<\/p>\n<h6>\n\t\t\t\t\t\tPunto de venta<\/h6>\n<p>Instala tu punto de venta para administrar y vender de manera rapida y sin errores.<\/p>\n<p>05.<br \/>\nIT Solutions<\/p>\n<h2>El mejor rendimiento<\/h2>\n<p>Con un cat\u00e1logo de +50 marcas usamos las mejores piezas para armar la computadora que necesitas.<\/p>\n<h2>Testimonios<\/h2>\n<p>\u00abMe puse en contacto con ellos por un problema en mi computadora. Excelente servicio qued\u00f3 como nueva s\u00faper recomendables, muy profesionales\u00bb<br \/>\n<cite>Gustavo AguirreElite Lifting<\/cite><br \/>\n\u00abPed\u00ed varias computadoras de trabajo y el ingeniero me asesoro muy bien, altamente recomendado.\u00bb<br \/>\n<cite> Martinez MaldonadoSupervisor<\/cite><br \/>\n\u00abMi celular estaba fallando no sabia que tenia, iba a comprar otro pero me lo dejaron muy bien y repararon, super recomendados.\u00bb<br \/>\n<cite>Sofia AlfonsoMaestra<\/cite><br \/>\n06.<br \/>\nIT Solutions<\/p>\n<h2>\u00bfNecesitas una PC, reparaci\u00f3n o mantenimiento?<\/p>\n<p>\u00a1Nosotros te ayudamos!<\/h2>\n","protected":false},"excerpt":{"rendered":"<p>* IT Solutions Tu equipo en manos de ingenieros Nuestro Servicio Profesional de TI maneja reparaci\u00f3n, armado y venta de piezas de c\u00f3mputo. Haz tu cotizaci\u00f3n 01. IT Solutions Equipos de alto desempe\u00f1o G\u2022FIX ofrece equipos de computo de gama media y alta con las que podr\u00e1s enfrentarte a cualquier reto, desde ingenier\u00eda, dise\u00f1o, gamer, [&hellip;]<\/p>\n","protected":false},"author":2,"featured_media":0,"parent":0,"menu_order":0,"comment_status":"closed","ping_status":"closed","template":"elementor_header_footer","meta":{"_joinchat":[],"footnotes":""},"folder":[],"class_list":["post-864","page","type-page","status-publish","hentry"],"yoast_head":"<!-- This site is optimized with the Yoast SEO plugin v27.0 - https:\/\/yoast.com\/product\/yoast-seo-wordpress\/ -->\n<title>Duplicated: Home NO - [#16] - G\u2022FIX<\/title>\n<meta name=\"description\" content=\"Reparaci\u00f3n, armado y venta de piezas de computo\" \/>\n<meta name=\"robots\" content=\"index, follow, max-snippet:-1, max-image-preview:large, max-video-preview:-1\" \/>\n<link rel=\"canonical\" href=\"https:\/\/www.gfix.mx\/index.php\/duplicated-home-16\/\" \/>\n<meta property=\"og:locale\" content=\"es_ES\" \/>\n<meta property=\"og:type\" content=\"article\" \/>\n<meta property=\"og:title\" content=\"Duplicated: Home NO - [#16] - G\u2022FIX\" \/>\n<meta property=\"og:description\" content=\"Reparaci\u00f3n, armado y venta de piezas de computo\" \/>\n<meta property=\"og:url\" content=\"https:\/\/www.gfix.mx\/index.php\/duplicated-home-16\/\" \/>\n<meta property=\"og:site_name\" content=\"G\u2022FIX\" \/>\n<meta property=\"og:image\" content=\"https:\/\/gfix.mx\/wp-content\/uploads\/2021\/12\/master-using-small-soldering.jpg\" \/>\n<meta name=\"twitter:card\" content=\"summary_large_image\" \/>\n<meta name=\"twitter:label1\" content=\"Tiempo de lectura\" \/>\n\t<meta name=\"twitter:data1\" content=\"5 minutos\" \/>\n<script type=\"application\/ld+json\" class=\"yoast-schema-graph\">{\"@context\":\"https:\/\/schema.org\",\"@graph\":[{\"@type\":\"WebPage\",\"@id\":\"https:\/\/www.gfix.mx\/index.php\/duplicated-home-16\/\",\"url\":\"https:\/\/www.gfix.mx\/index.php\/duplicated-home-16\/\",\"name\":\"Duplicated: Home NO - [#16] - G\u2022FIX\",\"isPartOf\":{\"@id\":\"https:\/\/www.gfix.mx\/#website\"},\"primaryImageOfPage\":{\"@id\":\"https:\/\/www.gfix.mx\/index.php\/duplicated-home-16\/#primaryimage\"},\"image\":{\"@id\":\"https:\/\/www.gfix.mx\/index.php\/duplicated-home-16\/#primaryimage\"},\"thumbnailUrl\":\"https:\/\/gfix.mx\/wp-content\/uploads\/2021\/12\/master-using-small-soldering.jpg\",\"datePublished\":\"2022-02-07T06:51:35+00:00\",\"description\":\"Reparaci\u00f3n, armado y venta de piezas de computo\",\"breadcrumb\":{\"@id\":\"https:\/\/www.gfix.mx\/index.php\/duplicated-home-16\/#breadcrumb\"},\"inLanguage\":\"es\",\"potentialAction\":[{\"@type\":\"ReadAction\",\"target\":[\"https:\/\/www.gfix.mx\/index.php\/duplicated-home-16\/\"]}]},{\"@type\":\"ImageObject\",\"inLanguage\":\"es\",\"@id\":\"https:\/\/www.gfix.mx\/index.php\/duplicated-home-16\/#primaryimage\",\"url\":\"https:\/\/gfix.mx\/wp-content\/uploads\/2021\/12\/master-using-small-soldering.jpg\",\"contentUrl\":\"https:\/\/gfix.mx\/wp-content\/uploads\/2021\/12\/master-using-small-soldering.jpg\"},{\"@type\":\"BreadcrumbList\",\"@id\":\"https:\/\/www.gfix.mx\/index.php\/duplicated-home-16\/#breadcrumb\",\"itemListElement\":[{\"@type\":\"ListItem\",\"position\":1,\"name\":\"Portada\",\"item\":\"https:\/\/www.gfix.mx\/\"},{\"@type\":\"ListItem\",\"position\":2,\"name\":\"Duplicated: Home NO &#8211; [#16]\"}]},{\"@type\":\"WebSite\",\"@id\":\"https:\/\/www.gfix.mx\/#website\",\"url\":\"https:\/\/www.gfix.mx\/\",\"name\":\"G\u2022FIX\",\"description\":\"Soluciones en tecnolog\u00eda\",\"publisher\":{\"@id\":\"https:\/\/www.gfix.mx\/#organization\"},\"potentialAction\":[{\"@type\":\"SearchAction\",\"target\":{\"@type\":\"EntryPoint\",\"urlTemplate\":\"https:\/\/www.gfix.mx\/?s={search_term_string}\"},\"query-input\":{\"@type\":\"PropertyValueSpecification\",\"valueRequired\":true,\"valueName\":\"search_term_string\"}}],\"inLanguage\":\"es\"},{\"@type\":\"Organization\",\"@id\":\"https:\/\/www.gfix.mx\/#organization\",\"name\":\"GFix Soporte T\u00e9cnico y Reparaci\u00f3n de Computadoras\",\"url\":\"https:\/\/www.gfix.mx\/\",\"logo\":{\"@type\":\"ImageObject\",\"inLanguage\":\"es\",\"@id\":\"https:\/\/www.gfix.mx\/#\/schema\/logo\/image\/\",\"url\":\"https:\/\/www.gfix.mx\/wp-content\/uploads\/2021\/12\/Gfix-curvas.svg\",\"contentUrl\":\"https:\/\/www.gfix.mx\/wp-content\/uploads\/2021\/12\/Gfix-curvas.svg\",\"width\":825,\"height\":339,\"caption\":\"GFix Soporte T\u00e9cnico y Reparaci\u00f3n de Computadoras\"},\"image\":{\"@id\":\"https:\/\/www.gfix.mx\/#\/schema\/logo\/image\/\"}}]}<\/script>\n<!-- \/ Yoast SEO plugin. -->","yoast_head_json":{"title":"Duplicated: Home NO - [#16] - G\u2022FIX","description":"Reparaci\u00f3n, armado y venta de piezas de computo","robots":{"index":"index","follow":"follow","max-snippet":"max-snippet:-1","max-image-preview":"max-image-preview:large","max-video-preview":"max-video-preview:-1"},"canonical":"https:\/\/www.gfix.mx\/index.php\/duplicated-home-16\/","og_locale":"es_ES","og_type":"article","og_title":"Duplicated: Home NO - [#16] - G\u2022FIX","og_description":"Reparaci\u00f3n, armado y venta de piezas de computo","og_url":"https:\/\/www.gfix.mx\/index.php\/duplicated-home-16\/","og_site_name":"G\u2022FIX","og_image":[{"url":"https:\/\/gfix.mx\/wp-content\/uploads\/2021\/12\/master-using-small-soldering.jpg","type":"","width":"","height":""}],"twitter_card":"summary_large_image","twitter_misc":{"Tiempo de lectura":"5 minutos"},"schema":{"@context":"https:\/\/schema.org","@graph":[{"@type":"WebPage","@id":"https:\/\/www.gfix.mx\/index.php\/duplicated-home-16\/","url":"https:\/\/www.gfix.mx\/index.php\/duplicated-home-16\/","name":"Duplicated: Home NO - [#16] - G\u2022FIX","isPartOf":{"@id":"https:\/\/www.gfix.mx\/#website"},"primaryImageOfPage":{"@id":"https:\/\/www.gfix.mx\/index.php\/duplicated-home-16\/#primaryimage"},"image":{"@id":"https:\/\/www.gfix.mx\/index.php\/duplicated-home-16\/#primaryimage"},"thumbnailUrl":"https:\/\/gfix.mx\/wp-content\/uploads\/2021\/12\/master-using-small-soldering.jpg","datePublished":"2022-02-07T06:51:35+00:00","description":"Reparaci\u00f3n, armado y venta de piezas de computo","breadcrumb":{"@id":"https:\/\/www.gfix.mx\/index.php\/duplicated-home-16\/#breadcrumb"},"inLanguage":"es","potentialAction":[{"@type":"ReadAction","target":["https:\/\/www.gfix.mx\/index.php\/duplicated-home-16\/"]}]},{"@type":"ImageObject","inLanguage":"es","@id":"https:\/\/www.gfix.mx\/index.php\/duplicated-home-16\/#primaryimage","url":"https:\/\/gfix.mx\/wp-content\/uploads\/2021\/12\/master-using-small-soldering.jpg","contentUrl":"https:\/\/gfix.mx\/wp-content\/uploads\/2021\/12\/master-using-small-soldering.jpg"},{"@type":"BreadcrumbList","@id":"https:\/\/www.gfix.mx\/index.php\/duplicated-home-16\/#breadcrumb","itemListElement":[{"@type":"ListItem","position":1,"name":"Portada","item":"https:\/\/www.gfix.mx\/"},{"@type":"ListItem","position":2,"name":"Duplicated: Home NO &#8211; [#16]"}]},{"@type":"WebSite","@id":"https:\/\/www.gfix.mx\/#website","url":"https:\/\/www.gfix.mx\/","name":"G\u2022FIX","description":"Soluciones en tecnolog\u00eda","publisher":{"@id":"https:\/\/www.gfix.mx\/#organization"},"potentialAction":[{"@type":"SearchAction","target":{"@type":"EntryPoint","urlTemplate":"https:\/\/www.gfix.mx\/?s={search_term_string}"},"query-input":{"@type":"PropertyValueSpecification","valueRequired":true,"valueName":"search_term_string"}}],"inLanguage":"es"},{"@type":"Organization","@id":"https:\/\/www.gfix.mx\/#organization","name":"GFix Soporte T\u00e9cnico y Reparaci\u00f3n de Computadoras","url":"https:\/\/www.gfix.mx\/","logo":{"@type":"ImageObject","inLanguage":"es","@id":"https:\/\/www.gfix.mx\/#\/schema\/logo\/image\/","url":"https:\/\/www.gfix.mx\/wp-content\/uploads\/2021\/12\/Gfix-curvas.svg","contentUrl":"https:\/\/www.gfix.mx\/wp-content\/uploads\/2021\/12\/Gfix-curvas.svg","width":825,"height":339,"caption":"GFix Soporte T\u00e9cnico y Reparaci\u00f3n de Computadoras"},"image":{"@id":"https:\/\/www.gfix.mx\/#\/schema\/logo\/image\/"}}]}},"_links":{"self":[{"href":"https:\/\/www.gfix.mx\/index.php\/wp-json\/wp\/v2\/pages\/864","targetHints":{"allow":["GET"]}}],"collection":[{"href":"https:\/\/www.gfix.mx\/index.php\/wp-json\/wp\/v2\/pages"}],"about":[{"href":"https:\/\/www.gfix.mx\/index.php\/wp-json\/wp\/v2\/types\/page"}],"author":[{"embeddable":true,"href":"https:\/\/www.gfix.mx\/index.php\/wp-json\/wp\/v2\/users\/2"}],"replies":[{"embeddable":true,"href":"https:\/\/www.gfix.mx\/index.php\/wp-json\/wp\/v2\/comments?post=864"}],"version-history":[{"count":4,"href":"https:\/\/www.gfix.mx\/index.php\/wp-json\/wp\/v2\/pages\/864\/revisions"}],"predecessor-version":[{"id":1526,"href":"https:\/\/www.gfix.mx\/index.php\/wp-json\/wp\/v2\/pages\/864\/revisions\/1526"}],"wp:attachment":[{"href":"https:\/\/www.gfix.mx\/index.php\/wp-json\/wp\/v2\/media?parent=864"}],"wp:term":[{"taxonomy":"folder","embeddable":true,"href":"https:\/\/www.gfix.mx\/index.php\/wp-json\/wp\/v2\/folder?post=864"}],"curies":[{"name":"wp","href":"https:\/\/api.w.org\/{rel}","templated":true}]}}